-- https://www.phpmyadmin.net/
--

START TRANSACTION;



--
-- Database: `election2026`
--

-- --------------------------------------------------------

--
-- Table structure for table `ac_group`
--

CREATE TABLE `ac_group` (
  `ac_gp_id` int(11) NOT NULL,
  `nature` varchar(240) NOT NULL,
  `group_name` varchar(240) NOT NULL,
  `group_id` varchar(240) NOT NULL,
  `ss_facty_ss_facty_id` int(11) NOT NULL,
  `cf_note_gr` varchar(20) DEFAULT NULL
) ENGINE=InnoDB DEFAULT CHARSET=utf8mb4 COLLATE=utf8mb4_general_ci;

--
-- Dumping data for table `ac_group`
--

INSERT INTO `ac_group` (`ac_gp_id`, `nature`, `group_name`, `group_id`, `ss_facty_ss_facty_id`, `cf_note_gr`) VALUES
(0, 'nature', 'group_name', 'group_id', 0, 'cf_note_gr'),
(27522, 'Assets', 'কারেন্ট অ্যাসেট', '১০১', 2, NULL),
(27808, 'Income', 'নিজস্ব অনুদান', '১', 2, NULL),
(27810, 'Expense', 'আবর্তন অনুদান', '৩৬৩১', 2, NULL),
(27811, 'Expense', 'মূলধন আবর্তন অনুদান', '৩৬৩২', 2, NULL),
(27812, 'Liability', 'ট্যাক্স পেয়েবল ', '২০২ ', 2, NULL),
(27813, 'Income', 'আয়', '১', 2, NULL),
(27814, 'Asset', 'অগ্রীম', '১০০১', 2, NULL),
(27815, 'Liability', 'ভ্যাট পেয়েবল', '২০৩', 2, NULL);

-- --------------------------------------------------------

--
-- Table structure for table `ac_sub_group`
--

CREATE TABLE `ac_sub_group` (
  `ac_sg_id` int(11) NOT NULL,
  `sgroup_name` varchar(240) NOT NULL,
  `sgroup_id` varchar(240) NOT NULL,
  `ac_gp_ac_gp_id` int(11) NOT NULL,
  `ac_type` varchar(10) DEFAULT NULL,
  `notes` varchar(20) DEFAULT NULL,
  `notes_heading` varchar(500) DEFAULT NULL,
  `rep_helpflag` varchar(10) DEFAULT NULL,
  `iid` int(11) DEFAULT NULL,
  `slno` int(11) DEFAULT NULL,
  `ctype` varchar(10) DEFAULT NULL,
  `all_branch` int(11) DEFAULT NULL,
  `ctype_exp` varchar(10) DEFAULT NULL,
  `cf_note_sg` varchar(20) DEFAULT NULL
) ENGINE=InnoDB DEFAULT CHARSET=utf8mb4 COLLATE=utf8mb4_general_ci;

--
-- Dumping data for table `ac_sub_group`
--

INSERT INTO `ac_sub_group` (`ac_sg_id`, `sgroup_name`, `sgroup_id`, `ac_gp_ac_gp_id`, `ac_type`, `notes`, `notes_heading`, `rep_helpflag`, `iid`, `slno`, `ctype`, `all_branch`, `ctype_exp`, `cf_note_sg`) VALUES
(0, 'sgroup_name', 'sgroup_id', 0, 'ac_type', 'notes', 'notes_heading', 'rep_helpfl', 0, 0, 'ctype', 0, 'ctype_exp', 'cf_note_sg'),
(713979, 'ব্যাংক হিসাব', '১০১০৩', 27522, NULL, '101.02', NULL, NULL, NULL, NULL, NULL, NULL, NULL, NULL),
(714264, '(ক) ছাত্র-ছাত্রীদের নিকট থেকে ফিস:', '১০১', 27808, NULL, NULL, NULL, NULL, NULL, NULL, NULL, NULL, NULL, NULL),
(714267, '(খ): ভর্তি ফরম বিক্রি থেকে আয়:', '১০২', 27808, NULL, NULL, NULL, NULL, NULL, NULL, NULL, NULL, NULL, NULL),
(714268, 'বেতন বাবদ সহায়তা:', '৩৬৩১০১', 27810, NULL, NULL, NULL, NULL, NULL, NULL, NULL, NULL, NULL, NULL),
(714269, 'মূলধন অনুদান', '৩৬৩২০১', 27811, NULL, NULL, NULL, NULL, NULL, NULL, NULL, NULL, NULL, NULL),
(714271, 'ট্যাক্স পেয়েবল ', '২০২০১', 27812, NULL, NULL, NULL, NULL, NULL, NULL, NULL, NULL, NULL, NULL),
(714272, '(ক) ছাত্র-ছাত্রীদের নিকট থেকে ফিস:', '১০১', 27813, NULL, NULL, NULL, NULL, NULL, NULL, NULL, NULL, NULL, NULL),
(714273, '(খ): ভর্তি ফরম বিক্রি থেকে আয়:', '১০২', 27813, NULL, NULL, NULL, NULL, NULL, NULL, NULL, NULL, NULL, NULL),
(714274, '(গ) বেতন ভাতাদি হতে কর্তনাদি:', '১03', 27813, NULL, NULL, NULL, NULL, NULL, NULL, NULL, NULL, NULL, NULL),
(714275, '(ঘ) সম্পত্তি থেকে আয়:', '১০৪', 27813, NULL, NULL, NULL, NULL, NULL, NULL, NULL, NULL, NULL, NULL),
(714276, '(ঙ) বিবিধ প্রাপ্তি:', '১০৫', 27813, NULL, NULL, NULL, NULL, NULL, NULL, NULL, NULL, NULL, NULL),
(714277, 'ভাতাদি বাবদ সহায়তা:', '৩৬৩১০২', 27810, NULL, NULL, NULL, NULL, NULL, NULL, NULL, NULL, NULL, NULL),
(714278, 'অধিকাল ভাতা', '৩৬৩১০৩', 27810, NULL, NULL, NULL, NULL, NULL, NULL, NULL, NULL, NULL, NULL),
(714279, 'পন্য ও সেবা বাবদ সহায়তা:', '৩৬৩১০৪', 27810, NULL, NULL, NULL, NULL, NULL, NULL, NULL, NULL, NULL, NULL),
(714280, 'পন্য ও সেবা বাবদ সহায়তা(মেরামত ও সংরক্ষণ):', '৩৬৩১০৫', 27810, NULL, NULL, NULL, NULL, NULL, NULL, NULL, NULL, NULL, NULL),
(714281, 'পেনশন স্কিম বাবদ সহায়তা:', '৩৬৩১০৬', 27810, NULL, NULL, NULL, NULL, NULL, NULL, NULL, NULL, NULL, NULL),
(714282, 'অন্যান্য অনুদান;', '৩৬৩১০৭', 27810, NULL, NULL, NULL, NULL, NULL, NULL, NULL, NULL, NULL, NULL),
(714283, 'অগ্রীম প্রদান', '১০০১০১', 27814, NULL, NULL, NULL, NULL, NULL, NULL, NULL, NULL, NULL, NULL),
(714284, 'ভ্যাট পেয়েবল ', '২০৩০১', 27815, NULL, NULL, NULL, NULL, NULL, NULL, NULL, NULL, NULL, NULL);

-- --------------------------------------------------------

--
-- Table structure for table `candidate`
--

CREATE TABLE `candidate` (
  `id` int(11) NOT NULL,
  `name` varchar(255) NOT NULL,
  `party` varchar(100) DEFAULT NULL,
  `markaname` varchar(200) NOT NULL,
  `photo_url` varchar(500) DEFAULT NULL,
  `union_id` int(11) DEFAULT NULL,
  `center_id` int(11) DEFAULT NULL,
  `created_at` timestamp NULL DEFAULT current_timestamp(),
  `updated_at` timestamp NULL DEFAULT current_timestamp() ON UPDATE current_timestamp()
) ENGINE=InnoDB DEFAULT CHARSET=utf8mb4 COLLATE=utf8mb4_general_ci;

--
-- Dumping data for table `candidate`
--

INSERT INTO `candidate` (`id`, `name`, `party`, `markaname`, `photo_url`, `union_id`, `center_id`, `created_at`, `updated_at`) VALUES
(1, 'হাজী জসিম উদ্দিন', 'জাতীয়তাবাদী দল (বিএনপি)', 'ধানের শীষ', 'Bangladesh_Nationalist_Party_Election_Symbol.svg.png', 1, 1, '2026-02-07 11:30:02', '2026-02-08 09:22:42'),
(2, 'ড. মোবারক হোসাইন', 'বাংলাদেশ জামায়াতে ইসলামী', 'দাঁড়িপাল্লা', 'png-clipart-scales-scales-thumbnail.png', 1, 1, '2026-02-07 11:30:02', '2026-02-08 09:23:52'),
(4, 'মোঃ এমরানুল হক', 'জাতীয় পার্টি (জাপা)', 'লাঙ্গল', '1641287.jpg', 1, 1, '2026-02-07 05:32:49', '2026-02-08 09:24:55'),
(5, 'আবুল কালাম ইদ্রিস', 'বাংলাদেশ মুসলিম লীগ', 'হারিকেন', 'imahrges.png', 1, 1, '2026-02-07 05:33:18', '2026-02-08 09:25:28'),
(6, 'শিরিন আক্তার', 'জাতীয় সমাজতান্ত্রিক দল (জেএসডি)', 'তারারা', 'Star_icon_1.png', 1, 1, '2026-02-07 05:42:36', '2026-02-08 09:26:05'),
(7, 'তানজিল আহমেদ', 'ইসলামিক বিপ্লব বাংলাদেশ', 'আপেল', 'images.jfif', 1, 1, '2026-02-07 05:42:45', '2026-02-08 09:26:43'),
(8, 'মোঃ রাশেদুল ইসলাম', 'ইসলামী আন্দোলন বাংলাদেশ', 'হাতপাখা', 'imddages (1).jfif', 1, 1, '2026-02-07 05:52:59', '2026-02-08 09:27:21'),
(9, 'আবুল বাশার', 'ন্যাশনাল পিপলস পার্টি (এনপিপি)', 'আম', 'images (1).jfif', 1, 1, '2026-02-07 05:53:01', '2026-02-08 09:28:18'),
(10, 'আব্দুল্লাহ আল কাফি', 'বাংলাদেশ কমিউনিস্ট পার্টি', 'কাস্তে', 'imaddges.png', 1, 1, '2026-02-07 05:53:03', '2026-02-08 09:28:39');

-- --------------------------------------------------------

--
-- Stand-in structure for view `candidate_wise_results`
-- (See below for the actual view)
--
CREATE TABLE `candidate_wise_results` (
`candidate_id` int(11)
,`candidate_name` varchar(255)
,`candidate_party` varchar(100)
,`candidate_photo_url` varchar(500)
,`total_votes` decimal(32,0)
,`candidate_created_at` timestamp
,`candidate_updated_at` timestamp
);

-- --------------------------------------------------------

--
-- Table structure for table `center`
--

CREATE TABLE `center` (
  `id` int(11) NOT NULL,
  `upazila_id` int(11) NOT NULL,
  `union_id` int(11) NOT NULL,
  `name` varchar(255) NOT NULL,
  `code` varchar(50) DEFAULT NULL
) ENGINE=InnoDB DEFAULT CHARSET=utf8mb4 COLLATE=utf8mb4_general_ci;

--
-- Dumping data for table `center`
--

INSERT INTO `center` (`id`, `upazila_id`, `union_id`, `name`, `code`) VALUES
(1, 1, 1, 'মাধবপুর উচ্চ বিদ্যালয়', '01794582172'),
(2, 1, 1, 'মাধবপুর সরকারি প্রাথমিক বিদ্যালয়', '01713183354'),
(3, 1, 1, 'মকিমপুর সরকারি প্রাথমিক বিদ্যালয়', '01864438069'),
(4, 1, 1, 'খাইচশালা সরকারি প্রাথমিক বিদ্যালয়', '0'),
(5, 1, 1, 'রানীগাছ সরকারি প্রাথমিক বিদ্যালয়', '0'),
(6, 1, 1, 'কান্দুঘর সরকারি প্রাথমিক বিদ্যালয়', '0'),
(7, 1, 1, 'কান্দুঘর বি বি এস উচ্চ বিদ্যালয়', '01873078899'),
(8, 1, 1, 'উত্তর চান্দলা সরকারি প্রাথমিক বিদ্যালয়', '0'),
(9, 1, 1, 'বাড়ানী সরকারি প্রাথমিক বিদ্যালয়', '0'),
(10, 1, 2, 'দীঘিরপাড় প্রাথমিক বিদ্যালয়', '0'),
(11, 1, 2, 'বোর্ডখালা সরকারি প্রাথমিক বিদ্যালয়', '0'),
(12, 1, 2, 'পেমাবাড়া ছিদ্দিকুর রহমান এন্ড হাকিম উচ্চ বিদ্যালয়', '0'),
(13, 1, 2, 'শিদলাই দারুল ইসলাম ফাইল মাদ্রাসা', '0'),
(14, 1, 2, 'শিদলাই আশরাফ উচ্চ বিদ্যালয়', '0'),
(15, 1, 2, 'দক্ষিণ শিদলাই সরকারি প্রাথমিক বিদ্যালয় ও সংগঠন নাজনীন হাইস্কুল', '0'),
(16, 1, 2, 'শিদলাই গোলাবাড়িয়া সরকারি প্রাথমিক বিদ্যালয়', '0'),
(17, 1, 3, 'চান্দলা করিম বক্স হাইস্কুল এন্ড কলেজ, গ্রাম-চান্দলা', '0'),
(18, 1, 3, 'চান্দলা কিরমপুর মান্নানিয়া মিসবাহল (স্বতন্ত্র) এবং তদায়ী মাদ্রাসা, গ্রাম-চান্দলা', '0'),
(19, 1, 3, 'চারিপাড়া সরকারি প্রাথমিক বিদ্যালয়, গ্রাম-চান্দলা', '0'),
(20, 1, 3, 'চারাধারী সরকারি প্রাথমিক বিদ্যালয়, গ্রাম-চান্দলা', '0'),
(21, 1, 3, 'পদুয়া খামারচারা সরকারি প্রাথমিক বিদ্যালয়, গ্রাম-চান্দলা', '0'),
(22, 1, 3, 'বড়ধুশিয়া সরকারি প্রাথমিক বিদ্যালয়, গ্রাম-বড়শ্রিমা', '0'),
(23, 1, 3, 'বড়ধুশিয়া উচ্চ বিদ্যালয়, গ্রাম-বড়শ্রিমা', '0'),
(24, 1, 4, 'শশীদল ইউনিয়ন উচ্চ বিদ্যালয়, গ্রাম-দক্ষিণ শশীদল', '0'),
(25, 1, 4, 'শশীদল সরকারি প্রাথমিক বিদ্যালয়, গ্রাম-উত্তর শশীদল', '0'),
(26, 1, 4, 'তোতাভূমি উচ্চ বিদ্যালয়, গ্রাম-উত্তর তোতাভূমি', '0'),
(27, 1, 4, 'হরিমঙ্গল সরকারি প্রাথমিক বিদ্যালয়, গ্রাম-দক্ষিণ তোতাভূমি', '0'),
(28, 1, 4, 'মানরা সরকারি প্রাথমিক বিদ্যালয়, গ্রাম-মানরা', '0'),
(29, 1, 4, 'বাগড়া দারুল উলুম ফাযিল (ডিগ্রী) মাদ্রাসা, গ্রাম-বাগড়া', '0'),
(30, 1, 4, 'আশাবাড়ী সরকারি প্রাথমিক বিদ্যালয়, গ্রাম-আশাবাড়ী', '0'),
(31, 1, 4, 'চৌব্বাস জাহানার উচ্চ বিদ্যালয়, গ্রাম-চৌব্বাস', '0'),
(32, 1, 4, 'নাগাইশ সরকারি প্রাথমিক বিদ্যালয়, গ্রাম-নাগাইশ', '0'),
(33, 1, 4, 'উত্তর নাগাইশ সরকারি প্রাথমিক বিদ্যালয়, গ্রাম-উত্তরে নাগাইশ', '0'),
(34, 1, 5, 'নাল্লা সরকারি প্রাথমিক বিদ্যালয়, গ্রামঃ নাল্লা।', '0'),
(35, 1, 5, 'দুলালপুর এস এম এন্ড কে উচ্চ বিদ্যালয়, গ্রামঃ দুলালপুর', '0'),
(36, 1, 5, 'দুলালপুর সরকারি প্রাথমিক বিদ্যালয়, গ্রামঃ দুলালপুর', '0'),
(37, 1, 5, 'গোপাল নগর সরকারি প্রাথমিক বিদ্যালয়, গ্রামঃ গোপাল নগর', '0'),
(38, 1, 5, 'গোপালনগর বি.এ.বি. উচ্চ বিদ্যালয়, গ্রামঃ গোপাল নগর', '0'),
(39, 1, 5, 'বেজুরা সরকারি প্রাথমিক বিদ্যালয়, গ্রামঃ বেজুরা', '0'),
(40, 1, 5, 'বালিনা সরকারি প্রাথমিক বিদ্যালয়, গ্রাম: বালিনা।', '0'),
(41, 1, 6, 'মহালক্ষীপাড়া শরীফ মাধ্যমিক বিদ্যালয় এবং সংলগ্ন মহালক্ষীপাড়া সরকারী প্রাথমিক বিদ্যালয় গ্রাশ: ম', '0'),
(42, 1, 6, 'ডগ্রাপাড়া সরকারী প্রাথমিক বিদ্যালয় গ্রাম: ডগ্রাপাড়া', '0'),
(43, 1, 6, 'ধান্যদৌল সরকারী প্রাথমিক বিদ্যালয় গ্রামঃ ধান্যদৌল', '0'),
(44, 1, 6, 'আব্দুর রাজ্জাক খান চৌধুরী উচ্চ বিদ্যালয়, গ্রাম: ধান্যদৌল', '0'),
(45, 1, 6, 'ভগবান সরকারী উচ্চ বিদ্যালয়, গ্রাম: ব্রাক্ষ্রনপাড়া', '0'),
(46, 1, 6, 'নাইঘর সরকারী প্রাথমিক বিদ্যালয়, গ্রাম: নাইঘর', '0'),
(47, 1, 6, 'নাইঘর নোয়াপাড়া সরকারী প্রাথমিক বিদ্যালয়, গ্রাম: নাইঘর', '0'),
(48, 1, 7, 'সাহেবাবদ সরকারী প্রাথমিক বিদ্যালয়, গ্রাম: সাহেবাবাদ', '0'),
(49, 1, 7, 'সাহেবাবদ ডিগ্রী কলেজ, গ্রাম: সাহেবাবাদ', '0'),
(50, 1, 7, 'ছাতিয়ানি সরকারী প্রাথমিক বিদ্যালয়, গ্রা: ছাতিয়ানি', '0'),
(51, 1, 7, 'নগড়পাড় সরকারী প্রাথমিক বিদ্যালয়, গ্রা: নগড়পাড়', '0'),
(52, 1, 7, 'জিরুইন বহুমুখী উচ্চ বিদ্যালয়, গ্রাম: জিরুইন', '0'),
(53, 1, 7, 'টাকই উচ্চ বিদ্যালয় এবং সংলগ্ন টাকই সরকারী প্রাথমিক বিদ্যালয় গ্রাশ: টাকই', '0'),
(54, 1, 8, 'মালাপাড়া উচ্চ বিদ্যালয় গ্রাম: মালাপাড়া', '0'),
(55, 1, 8, 'আছাদনগর সরকারী প্রাথমিক বিদ্যালয় গ্রাম: আছাদনগর', '0'),
(56, 1, 8, 'পুর্ব চন্ডিপুর সরকারী প্রাথমিক বিদ্যালয় গ্রাম: চন্ডিপুর', '0'),
(57, 1, 8, 'অলুয়া সরকারী প্রাথমিক বিদ্যালয় গ্রাম: অলুয়া', '0'),
(58, 1, 8, 'এমই চন্ডিপুর সরকারী প্রাথমিক বিদ্যালয় গ্রাম: চন্ডিপুর', '0'),
(59, 1, 8, 'রামনগর সরকারী প্রাথমিক বিদ্যালয় গ্রাম: রামনগর', '0'),
(60, 1, 9, 'পাচোড়া সরকারী প্রাথমিক বিদ্যালয় গ্রাম: পাচোড়া', '0'),
(61, 1, 9, 'চড়ানল সরকারী প্রাথমিক বিদ্যালয় গ্রাম: চড়ানল', '0'),
(62, 1, 9, 'লড়ীবাগ সরকারী প্রাথমিক বিদ্যালয় গ্রাম: লড়ীবাগ', '0'),
(63, 1, 9, 'রাজাপুর উচ্চ বিদ্যালয় গ্রাম: রাজাপুর', '0'),
(64, 1, 9, 'রাজাপুর পুর্বপাড়া লাল মিয়া সরকারী প্রাথমিক বিদ্যালয় গ্রাম: রাজাপুর', '0'),
(65, 1, 9, 'বারেশ্বর সরকারী প্রাথমিক বিদ্যালয় গ্রাম: বারেশ্বর', '0'),
(66, 1, 9, 'বারেশ্বর উচ্চ বিদ্যালয় গ্রাম: বারেশ্বর', '0'),
(67, 1, 9, 'শংকুচাইল সরকারী প্রাথমিক বিদ্যালয় এবং সংলগ্ন উচ্চ বিদ্যালয় ভবন গ্রাম: শংকুচাইল', '0'),
(68, 1, 9, 'উত্তরগ্রাম সরকারী প্রাথমিক বিদ্যালয় গ্রাম: উত্তরগ্রাম', '0'),
(69, 1, 10, 'দক্ষিনগ্রাম সরকারী প্রাথমিক বিদ্যালয় গ্রাম: দক্ষিনগ্রাম', '0'),
(70, 1, 10, 'ছোটহড়িপুর সরকারী প্রাথমিক বিদ্যালয় গ্রাম: ছোটহড়িপুর', '0'),
(71, 1, 10, 'ছয়গ্রাম উচ্চ বিদ্যালয় গ্রাম: ছয়গ্রাম', '0'),
(72, 1, 10, 'মোর্শেদা বেগম উচ্চ বিদ্যালয় গ্রাম: আজ্ঞাপুর', '0'),
(73, 1, 10, 'কালিকাপুর আব্দুল মতিন সরকারী কলেজ(পশ্চিম ভবন) কেন্দ্র নং ০১ গ্রাম: কালিকাপুর', '0'),
(74, 1, 10, 'কালিকাপুর আব্দুল মতিন সরকারী কলেজ(দক্ষিন ভবন) কেন্দ্র নং ০২ গ্রাম: কালিকাপুর', '0'),
(75, 1, 10, 'বাকশীমুল উত্তরপাড়া সরকারী প্রাথমিক বিদ্যালয় গ্রাম: বাকশীমুল', '0'),
(76, 1, 10, 'বাকশীমুল সরকারী প্রাথমিক বিদ্যালয় গ্রাম: বাকশীমুল', '0'),
(77, 1, 10, 'পিতাম্বর সরকারী প্রাথমিক বিদ্যালয় গ্রাম: পিতাম্বর', '0'),
(78, 1, 10, 'পাহাড়পুর সরকারী প্রাথমিক বিদ্যালয় গ্রাম: পাহাড়পুর', '0'),
(79, 1, 10, 'ফকির বাজার বহুমুখী উচ্চ বিদ্যালয় ও কলেজ গ্রাম: খারেরা', '0'),
(80, 1, 11, 'জগতপুর এ.ডি.এইচ ফাজিল মাদ্রাসা(মুল ভবন) কেন্দ্র নং ১ গ্রাম: জগতপুর', '0'),
(81, 1, 11, 'জগতপুর এ.ডি.এইচ ফাজিল মাদ্রাসা(নতুন ভবন) কেন্দ্র নং ২ গ্রাম: জগতপুর', '0'),
(82, 1, 11, 'জগতপুর সরকারী প্রাথমিক বিদ্যালয় গ্রাম: জগতপুর', '0'),
(83, 1, 11, 'পুর্নমতি সরকারী প্রাথমিক বিদ্যালয় গ্রাম: পুর্নমতি', '0'),
(84, 1, 11, 'পুর্নমতি মনসুর আহমদ উচ্চ বিদ্যালয় গ্রাম: পুর্নমতি', '0'),
(85, 1, 11, 'উত্তর হরিপুর সরকারী প্রাথমিক বিদ্যালয় গ্রাম: হরিপুর', '0'),
(86, 1, 11, 'হরিপুর আদর্শ উচ্চ বিদ্যালয় গ্রাম: হরিপুর', '0'),
(87, 1, 11, 'বুড়িচং আনন্দ পাইলট উচ্চ বিদ্যালয় গ্রাম: বুড়িচং', '0'),
(88, 1, 11, 'বুড়িচং কালী নারায়ন বালিকা উচ্চ বিদ্যালয় গ্রাম: বুড়িচং', '0'),
(89, 1, 11, 'আরাগ আনন্দপুর সরকারী প্রাথমিক বিদ্যালয় গ্রাম:আরাগ আনন্দপুর', '0'),
(90, 1, 11, 'বুড়িচং মডেল সরকারী প্রাথমিক বিদ্যালয় গ্রাম: বুড়িচং', '0'),
(91, 1, 12, 'খাড়াতাইয়া সরকারী প্রাথমিক বিদ্যালয় গ্রাম: খাড়াতাইয়া', '0'),
(92, 1, 12, 'খাড়াতাইয়া উচ্চ বিদ্যালয় গ্রাম: খাড়াতাইয়া', '0'),
(93, 1, 12, 'গাজীপুর সরকারী প্রাথমিক বিদ্যালয় গ্রাম:গাজীপুর', '0'),
(94, 1, 12, 'শিবরামপুর সরকারী প্রাথমিক বিদ্যালয় গ্রাম:শিবরামপুর', '0'),
(95, 1, 12, 'ভরাসার বহুমুখী উচ্চ বিদ্যালয় গ্রাম: ভরাসার', '0'),
(96, 1, 12, 'পয়াত সরকারী প্রাথমিক বিদ্যালয় গ্রাম: পয়াত', '0'),
(97, 1, 12, 'মহিষমারা সরকারী প্রাথমিক বিদ্যালয় গ্রাম: মহিষমারা', '0'),
(98, 1, 12, 'পুর্বহুড়া সরকারী প্রাথমিক বিদ্যালয় এবং সংলগ্ন উচ্চ বিদ্যালয় গ্রাম: পুর্বহুড়া', '0'),
(99, 1, 12, 'ষোলনল সরকারী প্রাথমিক বিদ্যালয় গ্রাম: ষোলনল', '0'),
(100, 1, 12, 'বালিখাড়া সরকারী প্রাথমিক বিদ্যালয় গ্রাম:বালিখাড়া', '0'),
(101, 1, 13, 'সাদকপুর ইসলামিয়া সিনিয়র আলিম মাদ্রাসা গ্রাম: সাদকপুর', '0'),
(102, 1, 13, 'উত্তর শ্যামপুর সরকারী প্রাথমিক বিদ্যালয় গ্রাম:উত্তর শ্যামপুর', '0'),
(103, 1, 13, 'পীরযাত্রাপুর সরকারী প্রাথমিক বিদ্যালয় গ্রাম: পীরযাত্রাপুর', '0'),
(104, 1, 13, 'পীরযাত্রাপুর উচ্চ বিদ্যালয় বিদ্যালয় গ্রাম: পীরযাত্রাপুর', '0'),
(105, 1, 13, 'কন্ঠনগর সরকারী প্রাথমিক বিদ্যালয় গ্রাম:কন্ঠনগর', '0'),
(106, 1, 13, 'শ্রীপুর ইসলামিয়া ফাজিল মাদ্রাসা গ্রাম: শ্রীপুর', '0'),
(107, 1, 14, 'চান্দসার জিয়াপুর সরকারী প্রাথমিক বিদ্যালয় গ্রাম: চান্দসার', '0'),
(108, 1, 14, 'চান্দসার হাজী মোকসুদ আলী ভুইয়া উচ্চ বিদ্যালয় গ্রাম: চান্দসার', '0'),
(109, 1, 14, 'নামতলা সরকারী প্রাথমিক বিদ্যালয় গ্রাম: নামতলা', '0'),
(110, 1, 14, 'ষোলনল সরকারী প্রাথমিক বিদ্যালয় গ্রাম: কালাকচুয়া', '0'),
(111, 1, 14, 'কাজীমুদ্দিন খন্দকার উচ্চ বিদ্যালয় গ্রাম: কালাকচুয়া', '0'),
(112, 1, 14, 'শাহদৌলতপুর সরকারী প্রাথমিক বিদ্যালয় গ্রাম: শাহদৌলতপুর', '0'),
(113, 1, 14, 'ময়নামতি দারুস সুন্নাত আলীম মাদ্রাসা গ্রাম: শাহদৌলতপুর', '0'),
(114, 1, 14, 'ময়নামতি উচ্চ বিদ্যালয় ও কলেজ গ্রাম: সমেশপুর', '0'),
(115, 1, 14, 'ময়নামতি সরকারী প্রাথমিক বিদ্যালয় গ্রাম:ময়নামতি', '0'),
(116, 1, 14, 'হরিণধরা সরকারী প্রাথমিক বিদ্যালয় গ্রাম:হরিণধরা', '0'),
(117, 1, 14, 'হরিণধরা উচ্চ বিদ্যালয় গ্রাম:হরিণধরা', '0'),
(118, 1, 15, 'আবিদপুর উচ্চ বিদ্যালয় ও কলেজ গ্রাম: আবিদপুর', '0'),
(119, 1, 15, 'আবিদপুর সরকারী প্রাথমিক বিদ্যালয় গ্রাম: আবিদপুর', '0'),
(120, 1, 15, 'শিকারপুর সরকারী প্রাথমিক বিদ্যালয় গ্রাম: শিকারপুর', '0'),
(121, 1, 15, 'কোরপাই কাকিয়াচর ইসলামিয়া ফাজিল মাদ্রাসা গ্রাম: কোরপাই', '0'),
(122, 1, 15, 'কোরপাই সরকারী প্রাথমিক বিদ্যালয় গ্রাম:কোরপাই', '0'),
(123, 1, 15, 'লোয়ারচর সরকারী প্রাথমিক বিদ্যালয় গ্রাম: লোয়ারচর', '0'),
(124, 1, 15, 'নিমসার উচ্চ বিদ্যালয় গ্রাম: নিমসার', '0'),
(125, 1, 15, 'পশ্চিম মনিপুর সরকারী প্রাথমিক বিদ্যালয় গ্রাম: মনিপুর', '0'),
(126, 1, 15, 'কাবিলা হাজী জুনাব আলী সরকারী প্রাথমিক বিদ্যালয় গ্রাম: ডুবাইরচর', '0'),
(127, 1, 15, 'কাবিলা বাজার নেছারিয়া হাফিজিয়া মাদ্রাসা গ্রাম: ডুবাইরচর', '0'),
(128, 1, 15, 'বাড়াইর সরকারী প্রাথমিক বিদ্যালয় ও বাড়াইর হাজী চেরাগ আলী উচ্চ বিদ্যালয় গ্রাম: বাড়াইর', '0'),
(129, 1, 15, 'বাহিড়ীপাড়া সরকারী প্রাথমিক বিদ্যালয় গ্রাম: বাহিড়ীপাড়া', '0'),
(130, 1, 15, 'পাঁচকিত্তা সরকারী প্রাথমিক বিদ্যালয় গ্রাম:পাঁচকিত্তা', '0'),
(131, 1, 16, 'কংশনগর উচ্চ বিদ্যালয় গ্রাম: কংশনগর', '0'),
(132, 1, 16, 'রামচন্দ্রপুর সরকারী প্রাথমিক বিদ্যালয় ও সংলগ্ন হাফিজিয়া মাদ্রাসা ও এতিমখানা গ্রাম: রামচন্দ্রপ', '0'),
(133, 1, 16, 'কুসুমপুর সরকারী প্রাথমিক বিদ্যালয় গ্রাম:কুসুমপুর', '0'),
(134, 1, 16, 'পারুয়ার সরকারী প্রাথমিক বিদ্যালয় গ্রাম: পারুয়ারা', '0'),
(135, 1, 16, 'পশ্চিমসিংহ সরকারী প্রাথমিক বিদ্যালয় গ্রাম: পশ্চিমসিংহ', '0'),
(136, 1, 16, 'মজলিসপুর সরকারী প্রাথমিক বিদ্যালয় গ্রাম: মজলিসপুর', '0'),
(137, 1, 16, 'ইসলামপুর আবদুল মতিন খসরু উচ্চ বিদ্যালয় গ্রাম: গারাচো', '0'),
(138, 1, 16, 'ভারেল্লা শাহনুরুদ্দিন উচ্চ বিদ্যালয় গ্রাম: ভারেল্লা(পুর্ব)', '0'),
(139, 1, 16, 'শোভারামপুর সরকারী প্রাথমিক বিদ্যালয় গ্রাম: শোভারামপুর', '0'),
(140, 1, 16, 'রামপুর সরকারী প্রাথমিক বিদ্যালয় ও সংলগ্ন রামপুর উচ্চ বিদ্যালয় গ্রাম: রামপুর', '0'),
(141, 1, 16, 'এদবারপুর ডিএস ইসলামিয়া দাখিল মাদ্রাসা গ্রাম: এবদারপুর', '0'),
(142, 1, 16, 'সোন্দ্রম সরকারী প্রাথমিক বিদ্যালয় ও সংলগ্ন সোন্দ্রম উচ্চ বিদ্যালয় গ্রাম: সোন্দ্রম', '0');

-- --------------------------------------------------------

--
-- Table structure for table `center_info_tmp`
--

CREATE TABLE `center_info_tmp` (
  `center_id` bigint(20) DEFAULT NULL,
  `seat_id` bigint(20) DEFAULT NULL,
  `union_id` bigint(20) DEFAULT NULL,
  `center_name` varchar(500) DEFAULT NULL,
  `code` varchar(500) DEFAULT NULL
) ENGINE=InnoDB DEFAULT CHARSET=utf8mb4 COLLATE=utf8mb4_unicode_ci;

--
-- Dumping data for table `center_info_tmp`
--

INSERT INTO `center_info_tmp` (`center_id`, `seat_id`, `union_id`, `center_name`, `code`) VALUES
(1, 1, 1, 'মাধবপুর উচ্চ বিদ্যালয়', '0'),
(2, 1, 1, 'মাধবপুর সরকারি প্রাথমিক বিদ্যালয়', '0'),
(3, 1, 1, 'মকিমপুর সরকারি প্রাথমিক বিদ্যালয়', '0'),
(4, 1, 1, 'খাইচশালা সরকারি প্রাথমিক বিদ্যালয়', '0'),
(5, 1, 1, 'রানীগাছ সরকারি প্রাথমিক বিদ্যালয়', '0'),
(6, 1, 1, 'কান্দুঘর সরকারি প্রাথমিক বিদ্যালয়', '0'),
(7, 1, 1, 'কান্দুঘর বি বি এস উচ্চ বিদ্যালয়', '0'),
(8, 1, 1, 'উত্তর চান্দলা সরকারি প্রাথমিক বিদ্যালয়', '0'),
(9, 1, 1, 'বাড়ানী সরকারি প্রাথমিক বিদ্যালয়', '0'),
(10, 1, 2, 'দীঘিরপাড় প্রাথমিক বিদ্যালয়', '0'),
(11, 1, 2, 'বোর্ডখালা সরকারি প্রাথমিক বিদ্যালয়', '0'),
(12, 1, 2, 'পেমাবাড়া ছিদ্দিকুর রহমান এন্ড হাকিম উচ্চ বিদ্যালয়', '0'),
(13, 1, 2, 'শিদলাই দারুল ইসলাম ফাইল মাদ্রাসা', '0'),
(14, 1, 2, 'শিদলাই আশরাফ উচ্চ বিদ্যালয়', '0'),
(15, 1, 2, 'দক্ষিণ শিদলাই সরকারি প্রাথমিক বিদ্যালয় ও সংগঠন নাজনীন হাইস্কুল', '0'),
(16, 1, 2, 'শিদলাই গোলাবাড়িয়া সরকারি প্রাথমিক বিদ্যালয়', '0'),
(17, 1, 3, 'চান্দলা করিম বক্স হাইস্কুল এন্ড কলেজ, গ্রাম-চান্দলা', '0'),
(18, 1, 3, 'চান্দলা কিরমপুর মান্নানিয়া মিসবাহল (স্বতন্ত্র) এবং তদায়ী মাদ্রাসা, গ্রাম-চান্দলা', '0'),
(19, 1, 3, 'চারিপাড়া সরকারি প্রাথমিক বিদ্যালয়, গ্রাম-চান্দলা', '0'),
(20, 1, 3, 'চারাধারী সরকারি প্রাথমিক বিদ্যালয়, গ্রাম-চান্দলা', '0'),
(21, 1, 3, 'পদুয়া খামারচারা সরকারি প্রাথমিক বিদ্যালয়, গ্রাম-চান্দলা', '0'),
(22, 1, 3, 'বড়ধুশিয়া সরকারি প্রাথমিক বিদ্যালয়, গ্রাম-বড়শ্রিমা', '0'),
(23, 1, 3, 'বড়ধুশিয়া উচ্চ বিদ্যালয়, গ্রাম-বড়শ্রিমা', '0'),
(24, 1, 4, 'শশীদল ইউনিয়ন উচ্চ বিদ্যালয়, গ্রাম-দক্ষিণ শশীদল', '0'),
(25, 1, 4, 'শশীদল সরকারি প্রাথমিক বিদ্যালয়, গ্রাম-উত্তর শশীদল', '0'),
(26, 1, 4, 'তোতাভূমি উচ্চ বিদ্যালয়, গ্রাম-উত্তর তোতাভূমি', '0'),
(27, 1, 4, 'হরিমঙ্গল সরকারি প্রাথমিক বিদ্যালয়, গ্রাম-দক্ষিণ তোতাভূমি', '0'),
(28, 1, 4, 'মানরা সরকারি প্রাথমিক বিদ্যালয়, গ্রাম-মানরা', '0'),
(29, 1, 4, 'বাগড়া দারুল উলুম ফাযিল (ডিগ্রী) মাদ্রাসা, গ্রাম-বাগড়া', '0'),
(30, 1, 4, 'আশাবাড়ী সরকারি প্রাথমিক বিদ্যালয়, গ্রাম-আশাবাড়ী', '0'),
(31, 1, 4, 'চৌব্বাস জাহানার উচ্চ বিদ্যালয়, গ্রাম-চৌব্বাস', '0'),
(32, 1, 4, 'নাগাইশ সরকারি প্রাথমিক বিদ্যালয়, গ্রাম-নাগাইশ', '0'),
(33, 1, 4, 'উত্তর নাগাইশ সরকারি প্রাথমিক বিদ্যালয়, গ্রাম-উত্তরে নাগাইশ', '0'),
(34, 1, 5, 'নাল্লা সরকারি প্রাথমিক বিদ্যালয়, গ্রামঃ নাল্লা।', '0'),
(35, 1, 5, 'দুলালপুর এস এম এন্ড কে উচ্চ বিদ্যালয়, গ্রামঃ দুলালপুর', '0'),
(36, 1, 5, 'দুলালপুর সরকারি প্রাথমিক বিদ্যালয়, গ্রামঃ দুলালপুর', '0'),
(37, 1, 5, 'গোপাল নগর সরকারি প্রাথমিক বিদ্যালয়, গ্রামঃ গোপাল নগর', '0'),
(38, 1, 5, 'গোপালনগর বি.এ.বি. উচ্চ বিদ্যালয়, গ্রামঃ গোপাল নগর', '0'),
(39, 1, 5, 'বেজুরা সরকারি প্রাথমিক বিদ্যালয়, গ্রামঃ বেজুরা', '0'),
(40, 1, 5, 'বালিনা সরকারি প্রাথমিক বিদ্যালয়, গ্রাম: বালিনা।', '0');

-- --------------------------------------------------------

--
-- Table structure for table `employees`
--

CREATE TABLE `employees` (
  `id` int(11) NOT NULL,
  `year` int(11) DEFAULT NULL,
  `total_employee` int(11) DEFAULT NULL
) ENGINE=InnoDB DEFAULT CHARSET=utf8mb4 COLLATE=utf8mb4_general_ci;

--
-- Dumping data for table `employees`
--

INSERT INTO `employees` (`id`, `year`, `total_employee`) VALUES
(1, 2003, 120),
(2, 2004, 150),
(3, 2005, 210),
(4, 2006, 260);

-- --------------------------------------------------------

--
-- Table structure for table `failed_jobs`
--

CREATE TABLE `failed_jobs` (
  `id` bigint(20) UNSIGNED NOT NULL,
  `uuid` varchar(255) NOT NULL,
  `connection` text NOT NULL,
  `queue` text NOT NULL,
  `payload` longtext NOT NULL,
  `exception` longtext NOT NULL,
  `failed_at` timestamp NOT NULL DEFAULT current_timestamp()
) ENGINE=InnoDB DEFAULT CHARSET=utf8mb4 COLLATE=utf8mb4_unicode_ci;

-- --------------------------------------------------------

--
-- Table structure for table `migrations`
--

CREATE TABLE `migrations` (
  `id` int(10) UNSIGNED NOT NULL,
  `migration` varchar(255) NOT NULL,
  `batch` int(11) NOT NULL
) ENGINE=InnoDB DEFAULT CHARSET=utf8mb4 COLLATE=utf8mb4_unicode_ci;

--
-- Dumping data for table `migrations`
--

INSERT INTO `migrations` (`id`, `migration`, `batch`) VALUES
(1, '2014_10_12_000000_create_users_table', 1),
(2, '2014_10_12_100000_create_password_resets_table', 1),
(3, '2019_08_19_000000_create_failed_jobs_table', 1),
(4, '2019_12_14_000001_create_personal_access_tokens_table', 1),
(5, '2024_10_01_081927_create_posts_table', 1),
(6, '2016_06_01_000001_create_oauth_auth_codes_table', 2),
(7, '2016_06_01_000002_create_oauth_access_tokens_table', 2),
(8, '2016_06_01_000003_create_oauth_refresh_tokens_table', 2),
(9, '2016_06_01_000004_create_oauth_clients_table', 2),
(10, '2016_06_01_000005_create_oauth_personal_access_clients_table', 2),
(11, '2024_10_07_093720_create_products_table', 3),
(12, '2026_02_01_052852_create_winners_table', 4);

-- --------------------------------------------------------

--
-- Table structure for table `oauth_auth_codes`
--

CREATE TABLE `oauth_auth_codes` (
  `id` varchar(100) NOT NULL,
  `user_id` bigint(20) UNSIGNED NOT NULL,
  `client_id` bigint(20) UNSIGNED NOT NULL,
  `scopes` text DEFAULT NULL,
  `revoked` tinyint(1) NOT NULL,
  `expires_at` datetime DEFAULT NULL
) ENGINE=InnoDB DEFAULT CHARSET=utf8mb4 COLLATE=utf8mb4_unicode_ci;

-- --------------------------------------------------------

--
-- Table structure for table `oauth_personal_access_clients`
--

CREATE TABLE `oauth_personal_access_clients` (
  `id` bigint(20) UNSIGNED NOT NULL,
  `client_id` bigint(20) UNSIGNED NOT NULL,
  `created_at` timestamp NULL DEFAULT NULL,
  `updated_at` timestamp NULL DEFAULT NULL
) ENGINE=InnoDB DEFAULT CHARSET=utf8mb4 COLLATE=utf8mb4_unicode_ci;

-- --------------------------------------------------------

--
-- Table structure for table `participants`
--

CREATE TABLE `participants` (
  `participant_id` bigint(20) UNSIGNED NOT NULL,
  `first_name` varchar(100) NOT NULL,
  `phone` varchar(20) DEFAULT NULL,
  `email` varchar(150) DEFAULT NULL
) ENGINE=InnoDB DEFAULT CHARSET=utf8mb4 COLLATE=utf8mb4_general_ci;

-- --------------------------------------------------------

--
-- Table structure for table `posts`
--

CREATE TABLE `posts` (
  `id` bigint(20) UNSIGNED NOT NULL,
  `title` varchar(255) NOT NULL,
  `content` varchar(255) NOT NULL,
  `created_at` timestamp NULL DEFAULT NULL,
  `updated_at` timestamp NULL DEFAULT NULL
) ENGINE=InnoDB DEFAULT CHARSET=utf8mb4 COLLATE=utf8mb4_unicode_ci;

--
-- Dumping data for table `posts`
--

INSERT INTO `posts` (`id`, `title`, `content`, `created_at`, `updated_at`) VALUES
(1, 'hi', 'hello', '2024-10-01 02:32:35', '2024-10-01 02:32:35'),
(2, 'hi', 'hello', '2024-10-01 02:33:24', '2024-10-01 02:33:24'),
(4, 'digital board', 'uttara,dhaka', '2024-10-01 14:03:11', '2024-10-01 14:03:11'),
(5, 'digital board', 'uttara,dhaka', '2024-10-01 14:06:18', '2024-10-01 14:06:18'),
(6, 'digital board', 'uttara,dhaka', '2024-10-01 14:06:50', '2024-10-01 14:06:50'),
(7, 'digital board', 'uttara,dhaka', '2024-10-02 11:18:02', '2024-10-02 11:18:02');

-- --------------------------------------------------------

--
-- Table structure for table `products`
--

CREATE TABLE `products` (
  `id` bigint(20) UNSIGNED NOT NULL,
  `title` varchar(255) DEFAULT NULL,
  `content` varchar(255) DEFAULT NULL,
  `image` varchar(255) DEFAULT NULL,
  `created_at` timestamp NULL DEFAULT NULL,
  `updated_at` timestamp NULL DEFAULT NULL
) ENGINE=InnoDB DEFAULT CHARSET=utf8mb4 COLLATE=utf8mb4_unicode_ci;

-- --------------------------------------------------------

--
-- Table structure for table `result`
--

CREATE TABLE `result` (
  `upazila_id` int(11) NOT NULL,
  `id` int(11) NOT NULL,
  `upazila_name` varchar(255) DEFAULT NULL,
  `union_id` int(11) DEFAULT NULL,
  `union_name` varchar(255) DEFAULT NULL,
  `center_id` int(11) NOT NULL,
  `center_name` varchar(255) DEFAULT NULL,
  `candidate_id` int(11) NOT NULL,
  `candidate_name` varchar(255) DEFAULT NULL,
  `main_candidate_name` varchar(100) DEFAULT NULL,
  `votes` int(11) DEFAULT 0,
  `photo_url` varchar(500) DEFAULT NULL
) ENGINE=InnoDB DEFAULT CHARSET=utf8mb4 COLLATE=utf8mb4_general_ci;

--
-- Dumping data for table `result`
--

INSERT INTO `result` (`upazila_id`, `id`, `upazila_name`, `union_id`, `union_name`, `center_id`, `center_name`, `candidate_id`, `candidate_name`, `main_candidate_name`, `votes`, `photo_url`) VALUES
(1, 192, NULL, 1, NULL, 3, NULL, 1, 'হাজী জসিম উদ্দিন', '', 50, NULL),
(1, 193, NULL, 1, NULL, 2, NULL, 1, 'হাজী জসিম উদ্দিন', '', 3, NULL);

-- --------------------------------------------------------

--
-- Table structure for table `union`
--

CREATE TABLE `union` (
  `id` int(11) NOT NULL,
  `upazila_id` int(11) NOT NULL,
  `name` varchar(255) NOT NULL
) ENGINE=InnoDB DEFAULT CHARSET=utf8mb4 COLLATE=utf8mb4_general_ci;

--
-- Dumping data for table `union`
--

INSERT INTO `union` (`id`, `upazila_id`, `name`) VALUES
(1, 1, 'মাধবপুর'),
(2, 1, 'শিদলাই'),
(3, 1, 'চান্দলা'),
(4, 1, 'শশীদল'),
(5, 1, 'দুলালপুর'),
(6, 1, 'ব্রাক্ষ্রনপাড়া'),
(7, 1, 'সাহেবাবাদ'),
(8, 1, 'মালাপাড়া'),
(9, 1, 'রাজাপুর'),
(10, 1, 'বাকশীমুল'),
(11, 1, 'বুড়িচং সদর'),
(12, 1, 'ষোলনল'),
(13, 1, 'পীরযাত্রাপুর'),
(14, 1, 'ময়নামতি'),
(15, 1, 'মোকাম'),
(16, 1, 'ভারেল্লা(উত্তর)');

-- --------------------------------------------------------

--
-- Table structure for table `upazila`
--

CREATE TABLE `upazila` (
  `id` int(11) NOT NULL,
  `name` varchar(255) NOT NULL
) ENGINE=InnoDB DEFAULT CHARSET=utf8mb4 COLLATE=utf8mb4_general_ci;

--
-- Dumping data for table `upazila`
--

INSERT INTO `upazila` (`id`, `name`) VALUES
(1, 'Cumilla-5');

-- --------------------------------------------------------

--
-- Stand-in structure for view `view_election_results`
-- (See below for the actual view)
--
CREATE TABLE `view_election_results` (
`upazila_id` int(11)
,`upazila_name` varchar(255)
,`union_id` int(11)
,`union_name` varchar(255)
,`center_id` int(11)
,`center_name` varchar(255)
,`candidate_id` int(11)
,`candidate_name` varchar(255)
,`candidate_party` varchar(100)
,`candidate_photo` varchar(500)
,`votes` int(11)
);

-- --------------------------------------------------------

--
-- Table structure for table `winners`
--

CREATE TABLE `winners` (
  `id` bigint(20) UNSIGNED NOT NULL,
  `name` varchar(255) NOT NULL,
  `month` varchar(255) NOT NULL,
  `money` decimal(10,2) NOT NULL,
  `date` date NOT NULL,
  `created_at` timestamp NULL DEFAULT NULL,
  `updated_at` timestamp NULL DEFAULT NULL
) ENGINE=InnoDB DEFAULT CHARSET=utf8mb4 COLLATE=utf8mb4_unicode_ci;

--
-- Dumping data for table `winners`
--

INSERT INTO `winners` (`id`, `name`, `month`, `money`, `date`, `created_at`, `updated_at`) VALUES
(4, 'sfdsdf', 'sd', 2.00, '2026-02-03', NULL, NULL),
(5, 'sfdsdf', 'sd', 2.00, '2026-02-03', NULL, NULL);

-- --------------------------------------------------------

--
-- Structure for view `candidate_wise_results`
--

CREATE ALGORITHM=UNDEFINED DEFINER=`root`@`localhost` SQL SECURITY DEFINER VIEW `candidate_wise_results`  AS SELECT `r`.`candidate_id` AS `candidate_id`, `cand`.`name` AS `candidate_name`, `cand`.`party` AS `candidate_party`, `cand`.`photo_url` AS `candidate_photo_url`, sum(`r`.`votes`) AS `total_votes`, `cand`.`created_at` AS `candidate_created_at`, `cand`.`updated_at` AS `candidate_updated_at` FROM (`result` `r` left join `candidate` `cand` on(`r`.`candidate_id` = `cand`.`id`)) GROUP BY `r`.`candidate_id`, `cand`.`name`, `cand`.`party`, `cand`.`photo_url`, `cand`.`created_at`, `cand`.`updated_at` ;

-- --------------------------------------------------------

--
-- Structure for view `view_election_results`
--

CREATE ALGORITHM=UNDEFINED DEFINER=`root`@`localhost` SQL SECURITY DEFINER VIEW `view_election_results`  AS SELECT `r`.`upazila_id` AS `upazila_id`, `u`.`name` AS `upazila_name`, `r`.`union_id` AS `union_id`, `un`.`name` AS `union_name`, `r`.`center_id` AS `center_id`, `c`.`name` AS `center_name`, `r`.`candidate_id` AS `candidate_id`, `cand`.`name` AS `candidate_name`, `cand`.`party` AS `candidate_party`, `cand`.`photo_url` AS `candidate_photo`, `r`.`votes` AS `votes` FROM ((((`result` `r` left join `candidate` `cand` on(`r`.`candidate_id` = `cand`.`id`)) left join `center` `c` on(`r`.`center_id` = `c`.`id`)) left join `union` `un` on(`r`.`union_id` = `un`.`id`)) left join `upazila` `u` on(`r`.`upazila_id` = `u`.`id`)) ;

--
-- Indexes for dumped tables
--

--
-- Indexes for table `ac_group`
--
ALTER TABLE `ac_group`
  ADD PRIMARY KEY (`ac_gp_id`);

--
-- Indexes for table `ac_sub_group`
--
ALTER TABLE `ac_sub_group`
  ADD PRIMARY KEY (`ac_sg_id`),
  ADD KEY `fk_gr` (`ac_gp_ac_gp_id`);

--
-- Indexes for table `candidate`
--
ALTER TABLE `candidate`
  ADD PRIMARY KEY (`id`);

--
-- Indexes for table `center`
--
ALTER TABLE `center`
  ADD PRIMARY KEY (`id`);

--
-- Indexes for table `employees`
--
ALTER TABLE `employees`
  ADD PRIMARY KEY (`id`);

--
-- Indexes for table `failed_jobs`
--
ALTER TABLE `failed_jobs`
  ADD PRIMARY KEY (`id`),
  ADD UNIQUE KEY `failed_jobs_uuid_unique` (`uuid`);

--
-- Indexes for table `migrations`
--
ALTER TABLE `migrations`
  ADD PRIMARY KEY (`id`);

--
-- Indexes for table `oauth_auth_codes`
--
ALTER TABLE `oauth_auth_codes`
  ADD PRIMARY KEY (`id`),
  ADD KEY `oauth_auth_codes_user_id_index` (`user_id`);

--
-- Indexes for table `oauth_personal_access_clients`
--
ALTER TABLE `oauth_personal_access_clients`
  ADD PRIMARY KEY (`id`);

--
-- Indexes for table `participants`
--
ALTER TABLE `participants`
  ADD PRIMARY KEY (`participant_id`),
  ADD UNIQUE KEY `email` (`email`);

--
-- Indexes for table `posts`
--
ALTER TABLE `posts`
  ADD PRIMARY KEY (`id`);

--
-- Indexes for table `products`
--
ALTER TABLE `products`
  ADD PRIMARY KEY (`id`);

--
-- Indexes for table `result`
--
ALTER TABLE `result`
  ADD PRIMARY KEY (`id`);

--
-- Indexes for table `union`
--
ALTER TABLE `union`
  ADD PRIMARY KEY (`id`);

--
-- Indexes for table `upazila`
--
ALTER TABLE `upazila`
  ADD PRIMARY KEY (`id`);

--
-- Indexes for table `winners`
--
ALTER TABLE `winners`
  ADD PRIMARY KEY (`id`);

--
-- AUTO_INCREMENT for dumped tables
--

--
-- AUTO_INCREMENT for table `candidate`
--
ALTER TABLE `candidate`
  MODIFY `id` int(11) NOT NULL AUTO_INCREMENT, AUTO_INCREMENT=15;

--
-- AUTO_INCREMENT for table `employees`
--
ALTER TABLE `employees`
  MODIFY `id` int(11) NOT NULL AUTO_INCREMENT, AUTO_INCREMENT=5;

--
-- AUTO_INCREMENT for table `failed_jobs`
--
ALTER TABLE `failed_jobs`
  MODIFY `id` bigint(20) UNSIGNED NOT NULL AUTO_INCREMENT;

--
-- AUTO_INCREMENT for table `migrations`
--
ALTER TABLE `migrations`
  MODIFY `id` int(10) UNSIGNED NOT NULL AUTO_INCREMENT, AUTO_INCREMENT=13;

--
-- AUTO_INCREMENT for table `oauth_personal_access_clients`
--
ALTER TABLE `oauth_personal_access_clients`
  MODIFY `id` bigint(20) UNSIGNED NOT NULL AUTO_INCREMENT;

--
-- AUTO_INCREMENT for table `participants`
--
ALTER TABLE `participants`
  MODIFY `participant_id` bigint(20) UNSIGNED NOT NULL AUTO_INCREMENT;

--
-- AUTO_INCREMENT for table `posts`
--
ALTER TABLE `posts`
  MODIFY `id` bigint(20) UNSIGNED NOT NULL AUTO_INCREMENT, AUTO_INCREMENT=8;

--
-- AUTO_INCREMENT for table `products`
--
ALTER TABLE `products`
  MODIFY `id` bigint(20) UNSIGNED NOT NULL AUTO_INCREMENT;

--
-- AUTO_INCREMENT for table `result`
--
ALTER TABLE `result`
  MODIFY `id` int(11) NOT NULL AUTO_INCREMENT, AUTO_INCREMENT=194;

--
-- AUTO_INCREMENT for table `union`
--
ALTER TABLE `union`
  MODIFY `id` int(11) NOT NULL AUTO_INCREMENT, AUTO_INCREMENT=18;

--
-- AUTO_INCREMENT for table `upazila`
--
ALTER TABLE `upazila`
  MODIFY `id` int(11) NOT NULL AUTO_INCREMENT, AUTO_INCREMENT=3;

--
-- AUTO_INCREMENT for table `winners`
--
ALTER TABLE `winners`
  MODIFY `id` bigint(20) UNSIGNED NOT NULL AUTO_INCREMENT, AUTO_INCREMENT=6;

--
-- Constraints for dumped tables
--

--
-- Constraints for table `ac_sub_group`
--
ALTER TABLE `ac_sub_group`
  ADD CONSTRAINT `fk_gr` FOREIGN KEY (`ac_gp_ac_gp_id`) REFERENCES `ac_group` (`ac_gp_id`);
COMMIT;

